{"id":219,"date":"2019-03-21T13:03:32","date_gmt":"2019-03-21T12:03:32","guid":{"rendered":"http:\/\/www.lobo-building.pl\/?page_id=219"},"modified":"2019-03-25T15:31:02","modified_gmt":"2019-03-25T14:31:02","slug":"lagenplan-beschreibung","status":"publish","type":"page","link":"https:\/\/www.lobo-building.pl\/index.php\/de\/lagenplan-beschreibung\/","title":{"rendered":"Lageplan \/ -beschreibung"},"content":{"rendered":"<style type=\"text\/css\" id=\"gmpMapStyles_1_83060\">\r\n\t#google_map_easy_1_83060 {\r\n        width: 100%;\r\n        height: 350px;\r\n\t\t\t\t\t\t    }\r\n\t#gmapControlsNum_1_83060 {\r\n\t\twidth:100%\t}\r\n\t.gmpMapDetailsContainer#gmpMapDetailsContainer_1_83060 {\r\n\t\theight:350px;\r\n\t}\r\n\t.gmp_MapPreview#google_map_easy_1_83060 {\r\n\t\t\/*position:absolute;*\/\r\n\t\twidth: 100%;\r\n\t}\r\n\t#mapConElem_1_83060{\r\n\t\twidth: 100%\t}\r\n    .gm-style .gm-style-iw-c{\r\n        padding: 12px!important;\r\n    }\r\n\t    <\/style> <div class=\"gmp_map_opts\" id=\"mapConElem_1_83060\" data-id=\"1\" data-view-id=\"1_83060\" > <div class=\"gmpMapDetailsContainer\" id=\"gmpMapDetailsContainer_1_83060\"> <i class=\"gmpKMLLayersPreloader fa fa-spinner fa-spin\" aria-hidden=\"true\" style=\"display: none;\"><\/i> <div class=\"gmp_MapPreview \" id=\"google_map_easy_1_83060\"><\/div> <\/div> <div class=\"gmpMapMarkerFilters\" id=\"gmpMapMarkerFilters_1_83060\"> <\/div> <div class=\"gmpMapProControlsCon\" id=\"gmpMapProControlsCon_1_83060\"> <\/div> <div class=\"gmpMapProDirectionsCon\" id=\"gmpMapProDirectionsCon_1_83060\" > <\/div> <div class=\"gmpMapProKmlFilterCon\" id=\"gmpMapProKmlFilterCon_1_83060\" > <\/div> <div class=\"gmpSocialSharingShell gmpSocialSharingShell_1_83060\"> <\/div> <div style=\"clear: both;\"><\/div> <\/div> \n\n\n\n<p>Posen, im westlichen Teil Polens ist ein Zentrum von Industrie, Handel und Forschung. Posen ist zudem gr\u00f6\u00dfter Verkehrsknotenpunkt zwischen Berlin und Warschau, hier verlaufen die Autobahn A2 und die Fernstra\u00dfe DK92 von der deutschen bis hin zur wei\u00dfrussischen Grenze. In Posens Stadtteil \u0141awica befindet sich im \u00dcbrigen auch ein internationaler Flughafen.<\/p>\n\n\n\n<p>Der Gewerbepark liegt direkt an der Verbindungsstrecke Berlin \u2013 Warschau \u2013 Moskau und f\u00fcnf Minuten vom Stadtzentrum Poznan, 15 min vom Flughafen sowie 8 min vom Bahnhof entfernt.<br>Trotz direkter Sicht von der Verbindungsstrecke Berlin &#8211; Warschau &#8211; Moskau auf das Objekt, was eine interessante Werbepr\u00e4sentation erm\u00f6glicht (mit 60.000 Kraftfahrzeugen pro Tag), gibt es keinen Verkehrsl\u00e4rm.<\/p>\n\n\n\n<div class=\"wp-container-3 wp-block-columns has-2-columns\">\n<div class=\"wp-container-1 wp-block-column\">\n<figure class=\"wp-block-image\"><img loading=\"lazy\" width=\"1024\" height=\"576\" src=\"http:\/\/www.lobo-building.pl\/wp-content\/uploads\/2019\/03\/DJI_0004-1024x576.jpg\" alt=\"\" class=\"wp-image-202\" srcset=\"https:\/\/www.lobo-building.pl\/wp-content\/uploads\/2019\/03\/DJI_0004-1024x576.jpg 1024w, https:\/\/www.lobo-building.pl\/wp-content\/uploads\/2019\/03\/DJI_0004-300x169.jpg 300w, https:\/\/www.lobo-building.pl\/wp-content\/uploads\/2019\/03\/DJI_0004-768x432.jpg 768w, https:\/\/www.lobo-building.pl\/wp-content\/uploads\/2019\/03\/DJI_0004-200x113.jpg 200w, https:\/\/www.lobo-building.pl\/wp-content\/uploads\/2019\/03\/DJI_0004-690x388.jpg 690w\" sizes=\"(max-width: 1024px) 100vw, 1024px\" \/><figcaption>Widok z lotu ptaka.<\/figcaption><\/figure>\n<\/div>\n\n\n\n<div class=\"wp-container-2 wp-block-column\">\n<figure class=\"wp-block-image\"><img loading=\"lazy\" width=\"1024\" height=\"576\" src=\"http:\/\/www.lobo-building.pl\/wp-content\/uploads\/2019\/03\/DJI_0027-1024x576.jpg\" alt=\"\" class=\"wp-image-203\" srcset=\"https:\/\/www.lobo-building.pl\/wp-content\/uploads\/2019\/03\/DJI_0027-1024x576.jpg 1024w, https:\/\/www.lobo-building.pl\/wp-content\/uploads\/2019\/03\/DJI_0027-300x169.jpg 300w, https:\/\/www.lobo-building.pl\/wp-content\/uploads\/2019\/03\/DJI_0027-768x432.jpg 768w, https:\/\/www.lobo-building.pl\/wp-content\/uploads\/2019\/03\/DJI_0027-200x113.jpg 200w, https:\/\/www.lobo-building.pl\/wp-content\/uploads\/2019\/03\/DJI_0027-690x388.jpg 690w\" sizes=\"(max-width: 1024px) 100vw, 1024px\" \/><figcaption>Lokalizacja Lobo Business Park<\/figcaption><\/figure>\n<\/div>\n<\/div>\n\n\n\n<p>Die Zufahrt zu dem Objekt ist sowohl von Seiten der Baltycka Stra\u00dfe als auch von der Hlonda Stra\u00dfe mit eigener Schwerlastverkehr Abbiegespur gew\u00e4hrleistet.<\/p>\n\n\n\n<p>In unmittelbarer N\u00e4he zum Objekt befinden sich weitere Gro\u00dfunternehmen wie z.B. VW Poznan, Exite Batterie, Unilever als auch Bridgestone.<\/p>\n\n\n\n<p>Eine Bushaltestelle unmittelbar von dem Objekt erm\u00f6glicht das Anreisen mit \u00f6ffentlichen Verkehrsmitteln.<\/p>\n","protected":false},"excerpt":{"rendered":"<p>Posen, im westlichen Teil Polens ist ein Zentrum von Industrie, Handel und Forschung. Posen ist zudem gr\u00f6\u00dfter Verkehrsknotenpunkt zwischen Berlin&nbsp;[&hellip;]<\/p>\n","protected":false},"author":9,"featured_media":0,"parent":0,"menu_order":0,"comment_status":"closed","ping_status":"closed","template":"page-templates\/template_fullwidth.php","meta":[],"_links":{"self":[{"href":"https:\/\/www.lobo-building.pl\/index.php\/wp-json\/wp\/v2\/pages\/219"}],"collection":[{"href":"https:\/\/www.lobo-building.pl\/index.php\/wp-json\/wp\/v2\/pages"}],"about":[{"href":"https:\/\/www.lobo-building.pl\/index.php\/wp-json\/wp\/v2\/types\/page"}],"author":[{"embeddable":true,"href":"https:\/\/www.lobo-building.pl\/index.php\/wp-json\/wp\/v2\/users\/9"}],"replies":[{"embeddable":true,"href":"https:\/\/www.lobo-building.pl\/index.php\/wp-json\/wp\/v2\/comments?post=219"}],"version-history":[{"count":3,"href":"https:\/\/www.lobo-building.pl\/index.php\/wp-json\/wp\/v2\/pages\/219\/revisions"}],"predecessor-version":[{"id":270,"href":"https:\/\/www.lobo-building.pl\/index.php\/wp-json\/wp\/v2\/pages\/219\/revisions\/270"}],"wp:attachment":[{"href":"https:\/\/www.lobo-building.pl\/index.php\/wp-json\/wp\/v2\/media?parent=219"}],"curies":[{"name":"wp","href":"https:\/\/api.w.org\/{rel}","templated":true}]}}